. What is the highest common factor of 306 and l?
18
Let l be 1/(((-112)/(-8))/714). Suppose 2*b + 0*b = -2*z - 10, -2*b + 2*z - 2 = 0. Let c be 12/2*(-17)/b. Calculate the greatest common factor of l and c.
17
Let j(u) = u + 35. Suppose -6*c = -c - 5, 2 = -3*f + 2*c. Let n be j(f). Suppose 0 = -5*y + 40 + 30. What is the highest common factor of n and y?
7
Let p be (-48)/(-4) - 2/2. Let r(f) = f**2 - 10*f + 3. Let u be r(p). Calculate the greatest common divisor of u and 98.
14
Let z be (1 + -7)*450/(-20). Let o(w) = 2*w**2 - 8*w + 5. Let p be 6 + 2*1/(-2). Let b be o(p). Calculate the highest common factor of b and z.
15
Let l be (1 - 1)/((-3)/(-3)). Suppose -5*o + 0*o + 3*n + 5 = l, -3*n + 4 = 4*o. Calculate the greatest common divisor of o and 16.
1
Let q(m) = m**2 + 14*m + 24. Let v be q(-18). Let j = 161 - v. What is the highest common factor of 13 and j?
13
Let y be -4 - -4 - 3 - -83 - -4. Calculate the highest common factor of y and 108.
12
Let q = 56 + -48. Let w = q - -6. Calculate the highest common divisor of w and 21.
7
Let f = 1284 - 1014. Calculate the greatest common factor of f and 20.
10
Suppose -4*p - 5*y + 9 = -411, y - 105 = -p. Suppose 4*n - 103 = -4*x - 27, 3*n = -5*x + p. Let s = x + 14. Calculate the greatest common divisor of 304 and s.
38
Let g = -11 - -13. Let u be (-4)/4 - (g + -3)*31. Calculate the greatest common divisor of 240 and u.
30
Let p(t) = -t**3 - 2*t - 6. Let j be p(0). Let o(s) = -6*s + 3. Let v be o(j). Calculate the greatest common factor of 78 and v.
39
Let j(x) = -25*x**3 + 4*x**2 + 4*x + 1. Let t be j(-1). What is the highest common divisor of 39 and t?
13
Let n be -2 + 258 + 3 + 0. Suppose -39 + n = 4*i. Let m = -156 + 167. What is the greatest common divisor of i and m?
11
Suppose 1 = -3*g + 4. Let w = 2 + g. Suppose 5*u - 3*s = 15, -2*u - w*s + 2*s + 6 = 0. What is the greatest common factor of 9 and u?
3
Let d be -1*((-45)/(-4))/((-4)/32). Suppose 0 = -5*p + 2*m + 52, -4*m = 3*p - 18 - 8. Calculate the highest common divisor of d and p.
10
Suppose -3*j - 3*w + 456 = 0, -j - 3*w + 48 + 102 = 0. Suppose 5*o = -15, 2*o + 71 = f + 4*f. Let d = f - -4. What is the greatest common factor of j and d?
17
Suppose 0 = 751*b - 743*b - 800. Let k be 2 + -1 + -1 + 40. Calculate the highest common factor of b and k.
20
Let d be ((-20)/25)/(11/(-5) - -2). Suppose -d*f - 2*v + 31 + 35 = 0, 2*f + 3*v = 31. Calculate the highest common divisor of 34 and f.
17
Let l(f) = f**2 - f - 1. Let a be l(3). Suppose n + 2*b - 1 = -6, -a*b - 5 = 5*n. Let s be 71/4 - -3 - (-1)/4. Calculate the highest common factor of n and s.
3
Suppose 4*g + 4*j - 36 = 0, 1 + 4 = 5*j. Calculate the highest common divisor of 4 and g.
4
Let r(l) = -l**2 - 13*l - 11. Let s be r(-8). Calculate the greatest common factor of 551 and s.
29
Let i be -3 + (-5 - -11) - 6. Let y(l) = -l**3 - l**2 + 3*l + 9. Let u be y(i). What is the greatest common factor of 3 and u?
3
Suppose -14*n + 197 = -27. What is the highest common divisor of 52 and n?
4
Let p = 152 + -140. Suppose -4*t + 0*t = -2*a - 20, 3 = t. Let r be (-1)/2 + (-338)/a. Calculate the greatest common divisor of r and p.
12
Let c = 8508 - 5068. What is the highest common factor of c and 80?
80
Suppose 0 = 6*p - 2*p + 5*h - 4207, -5*h = 3*p - 3159. Calculate the highest common factor of p and 131.
131
Let o(m) = -207*m - 109. Let a be o(-2). What is the highest common factor of a and 244?
61
Let z be -17 + (-3)/(3/2). Let v = -22 - z. Let t be 51/(-9)*v*1. Calculate the greatest common factor of 17 and t.
17
Suppose 695*k + 840 = 705*k. Calculate the highest common factor of 552 and k.
12
Let g(l) = l + 7. Let y be g(4). Suppose y*r - 56 = 7*r. Calculate the highest common factor of r and 7.
7
Let i(m) = -65*m - 1. Let v be i(-1). Let d be 45/54*6 - -43. What is the greatest common factor of d and v?
16
Suppose 4*n - 3614 = 7*w + 6*w, -2685 = -3*n - 3*w. Calculate the greatest common factor of 207 and n.
69
Let c = -23 + 45. Suppose 4*u = -6 + c. Calculate the greatest common factor of 12 and u.
4
Let x be 35*(13/5 - -4). Let c = 9 + -8. Let v be 2/(-2) + c*22. Calculate the greatest common divisor of v and x.
21
Let x(t) = -t**3 - 2*t**2 + 38*t + 1. Let u be x(-7). Let p be (136/u)/((-6)/15). Calculate the greatest common divisor of p and 68.
17
Let p(n) = -12*n**3 + n + 2. Let w be p(-1). Suppose 0 = 5*s + w - 178. Calculate the greatest common factor of 22 and s.
11
Suppose z - s = 79, -40*s = -42*s + 2. Calculate the greatest common factor of z and 5.
5
Let t(b) = -13*b + 4. Let g(a) = -12*a + 4. Let u(m) = 5*g(m) - 6*t(m). Let v be u(1). Calculate the greatest common divisor of 112 and v.
14
Suppose -l - 8*l = -252. Calculate the greatest common factor of l and 98.
14
Suppose 6*l = 3*n + l + 24, -l + 3 = 0. Let u(o) = -23*o - 21. Let w be u(n). What is the highest common divisor of w and 120?
24
Suppose 0 = -y + f + 2, 2*f + 1 = 5*y - 0. Let v be ((-21)/21)/(y/84). What is the greatest common divisor of 21 and v?
21
Let q = 124 - 40. Suppose w + 3 = 5*k, 0*w - 3*w + 39 = k. Calculate the greatest common divisor of q and w.
12
Suppose 18*i = 21*i - 51. Suppose -i = -3*r + 13. Calculate the highest common factor of r and 20.
10
Let z be -3*(-5)/(-30)*4. Let v be 2 + z - -3 - -8. Let d = -245 + 366. What is the greatest common divisor of v and d?
11
Let v be 3/(-9)*-6 - -37. Suppose -6*c + 122 - 44 = 0. Calculate the highest common factor of c and v.
13
Let q = -10287 + 10313. Let d be (78/(-4))/(2/(-4)). Calculate the highest common factor of d and q.
13
Let h = -372 + 402. Suppose 3*u - 5*u + 282 = 0. Suppose 2*w = -w + 3*p + u, 3*w = p + 137. Calculate the greatest common factor of h and w.
15
Suppose -2*x - 36 = -20*x. Calculate the highest common divisor of 234 and x.
2
Let j be (20/25)/(1/270). What is the greatest common divisor of 8 and j?
8
Suppose 0 = -9*s + 136 + 53. What is the highest common divisor of 84 and s?
21
Let u = -20 + 27. Let t = -3 + u. Suppose -5*x = -t*w + 298, -4*w + 5*x = -5*w + 62. What is the highest common divisor of 9 and w?
9
Let x be 3/7 - (-18616)/91. What is the highest common factor of 82 and x?
41
Let t(v) = 16*v + 16. Let y be t(9). Suppose 5*q = -4*j + 405, 4*q - y + 556 = 4*j. What is the highest common factor of 40 and j?
20
Let j = -431 + 557. Suppose -23*z = -19*z - 56. Calculate the highest common factor of z and j.
14
Suppose -3*j = -j, j = 4*f - 384. Suppose 3*i = 3*u - f, -u + 5*u - 5*i = 130. Calculate the greatest common factor of 45 and u.
15
Suppose -6*y + 4 = -8. Suppose 4*b - 2*q = 194, 0*b + b - 44 = y*q. Calculate the greatest common divisor of 20 and b.
10
Suppose -3*j - 2 = -5*j - 2*p, -5*p = -3*j - 21. Let i be -5 - -4 - (2 - 3). Let o be j + i + -2 + 44. What is the highest common factor of 20 and o?
20
Suppose -2*z + 431 = -13*q + 8*q, 5*q = z - 203. What is the highest common divisor of z and 95?
19
Suppose 4*d = 3*y - 20, -y = -2*d - 2*y. Let k(l) = -l**2 - 6*l - 7. Let q be k(d). What is the greatest common factor of 7 and q?
1
Let s(g) = 16*g**3 + 6*g**2 + 2*g + 4. Let v be s(3). Calculate the greatest common divisor of v and 16.
16
Let b(a) = a**3 - 2*a**2 - 3*a + 2. Let s be b(3). Suppose 15 = s*f - 7. Let m = f - -34. Calculate the greatest common factor of m and 5.
5
Let c = 50 - 14. Suppose -2*s - 1 + 25 = 0. Calculate the highest common factor of c and s.
12
Let a be -3*2050/(-20)*8/(-30). Let h = -58 - a. Let l be ((-2)/(-4))/((-2)/(-288)). What is the greatest common factor of h and l?
24
Suppose g = -g - 4, 0 = -5*b - g - 6482. Let h be ((-2)/(-3))/((-8)/b). Calculate the highest common factor of 36 and h.
36
Let b = 414 - 290. Let k(q) = q**3 - 8*q**2 + 4*q - 1. Let j be k(8). Calculate the highest common factor of b and j.
31
Let i be 1412/22 + 96/(-528). Let g(o) = 25*o**2 - 3*o + 2. Let t be g(2). Calculate the greatest common divisor of i and t.
32
Suppose -2*b + 702 = 5*n, -2*n + 4*b = 5*b - 281. Suppose 2*w - 3*d + n = 6*w, 4*d + 35 = w. Calculate the greatest common factor of 175 and w.
35
Let u(r) = -28*r - 1. Let i be u(8). Let p = i - -345. Let b = 4 + 16. What is the greatest common factor of b and p?
20
Let q be (-2)/6 + (-1092)/(-36). What is the greatest common factor of q and 75?
15
Let p be 9/(